tors of c?
7, 19
Let v be (-2 + 3/3)*-5. Suppose -4*w + 35 = -v*c, -3*c = -c - 2. Let b = 33 - w. List the prime factors of b.
23
Let k(r) = 23*r**2 + r + 3. Let w be k(-2). What are the prime factors of 4*(-25)/(-60)*w?
5, 31
What are the prime factors of ((-4)/12)/((-3)/2763)?
307
Let l(r) be the second derivative of r**5/20 - 17*r**4/12 + 2*r**3/3 - 27*r**2/2 + 17*r. What are the prime factors of l(17)?
41
Let n(z) = -z**2 - 12*z - 6. Let o be -2 + -1 + (-51)/(-3). Let r be (-4)/o + (-270)/35. What are the prime factors of n(r)?
2, 13
Suppose 0 = -d - 3*u + 10, -3*d - 2*d + 74 = 3*u. Suppose -d*w + 22*w - 90 = 0. List the prime factors of w.
3, 5
Suppose 7880 = 3*h - 3550. What are the prime factors of h?
2, 3, 5, 127
Let d = 562 + -253. What are the prime factors of d?
3, 103
Suppose 24865 = 5*q - 4*w, -12*w = 2*q - 15*w - 9953. What are the prime factors of q?
4969
Let o = -72 + 74. Suppose 4*s - o*z - 612 = -3*z, -s + 168 = 4*z. What are the prime factors of s?
2, 19
Let u(h) = h**2 + 6*h - 9. Let f be u(-7). Let z be ((-7)/(-4))/(f/(-8)). Suppose 30 - z = s. What are the prime factors of s?
23
Let i = -5 - -58. Suppose 4*f = -20*f + 120. Suppose -i + 3 = -f*x. What are the prime factors of x?
2, 5
Let y(w) = -w**3 + 9*w**2 - 7*w + 8. Let d be y(8). Suppose -2*b + 0*b - 190 = -4*l, -30 = -l - 3*b. Let x = l - d. List the prime factors of x.
29
Let j = 438 + 1117. List the prime factors of j.
5, 311
Let f = -1094 - -1901. What are the prime factors of f?
3, 269
Let l be (8/(-4))/2*-11. Suppose -4*r + 33 = -l. What are the prime factors of r?
11
Let k = 274 - 136. List the prime factors of k.
2, 3, 23
Let l(h) = h**3 + 50*h**2 + 139*h - 2. List the prime factors of l(-47).
2, 23
Let j = 9 + 3. Let p(q) = q**2 - 13*q + 12. Let c be p(j). What are the prime factors of 1 - (-42 - (-4 - c))?
3, 13
List the prime factors of 25365/15 + 9/(-3) + 3.
19, 89
Suppose j + 0*j + 1 = 0. Let c be (j + 1)/(6 - 7). Let s = c + 2. What are the prime factors of s?
2
Suppose -54*z = -24*z - 61110. What are the prime factors of z?
3, 7, 97
Let s = -333 + 312. Let l be (1/2)/(1/(-134)). Let x = s - l. List the prime factors of x.
2, 23
Let d(x) = x**3 + 7*x**2 - 8*x + 1. Let h be d(-8). What are the prime factors of (-3 - -2) + h + (98 - 4)?
2, 47
What are the prime factors of 8/(-12) - 2086/(-6)?
347
Let t = 219 + 47. Let n = t - 155. List the prime factors of n.
3, 37
Suppose -3*h + 54 = -4*x + 8, -3*x = h + 2. Let m(o) = o**3 + 2*o**2 - 5*o + 12. Let d be m(-4). Let i = h - d. List the prime factors of i.
2, 5
Suppose -432 - 1780 = -4*o - 5*z, -3*z + 560 = o. What are the prime factors of o?
2, 137
Suppose 0 = 4*s + 6 + 2. Let b = 1 - s. Suppose -b*q + 59 = 4*l, 0 = -4*l - 5*q + q + 60. List the prime factors of l.
2, 7
List the prime factors of (-128 - -1155) + 6/(-2).
2
Let s = -18 - -20. Suppose s*m + 20 = 110. List the prime factors of m.
3, 5
Let r(g) = -39*g**3 - g**2 + 12*g - 11. List the prime factors of r(-5).
3, 59
Let l be ((-21)/(-14))/((-1)/2). Let c be (-17 - -4 - l)/1. Let f = 33 - c. List the prime factors of f.
43
Suppose 4*f + 25 = q, 2*f - 16 = 6*f. What are the prime factors of q?
3
Suppose s + 116 = -384. Let j = -350 - s. List the prime factors of j.
2, 3, 5
Let w(x) = 101*x - 286. List the prime factors of w(14).
2, 3, 47
Suppose 5*l + 2*m - 10 = -m, 4*l = 2*m + 8. Suppose 6*p - l*p = 8. Suppose 3*o + 2*d = 137, -p*o - d + 37 + 53 = 0. What are the prime factors of o?
43
Let z be ((-3)/18)/(7/(-126)). What are the prime factors of (2 - z) + (2 + 93 - -2)?
2, 3
Let d = -378 - -571. What are the prime factors of d?
193
Let i(u) = -u**2 + 13. Let z(o) = o**2 + 5*o - 1. Let w be z(-4). Let l be i(w). List the prime factors of (-162)/l*(-4)/(-6).
3
Let v = 23 - 9. Let k = -14 + v. Suppose 4*c = -k*c + 148. What are the prime factors of c?
37
Let w(j) = -2*j**2 + 6*j + 1016. List the prime factors of w(0).
2, 127
Let x(l) = l**3 - 7*l**2 - 7*l - 8. Let g = -7 + 15. Let s be x(g). Suppose s = -9*m + 12*m - 147. What are the prime factors of m?
7
Suppose -2*d + 8 = 2*d. Suppose d = -a - 0*a. List the prime factors of 7*(a - 0 - -4).
2, 7
Let j = 15 + -8. Let u = 11 - 8. Let r = j - u. List the prime factors of r.
2
Let i(n) = 2 + 2 + n + 6 + 0 + n**2. List the prime factors of i(10).
2, 3, 5
Let c(x) = 9*x - 6. Let h be c(1). Suppose h*f + 2*f = 95. What are the prime factors of f?
19
Let l = -154 + 2701. What are the prime factors of l?
3, 283
Suppose -177 - 1248 = -5*d. Let s = 560 - d. What are the prime factors of s?
5, 11
Let d = 20 + -11. Suppose 4*x = d*x - 850. Suppose -4*k = -22 - x. What are the prime factors of k?
2, 3
Let i = -60 + 67. Suppose -113 = -3*p - 3*s + i*s, -165 = -5*p + 2*s. What are the prime factors of p?
31
Let c(q) = 15*q**2 - 8*q - 11. Let h be c(-3). Suppose -d + 33 = -s + h, -505 = -4*s - 5*d. What are the prime factors of s?
2, 3, 5
Let l = 17 + 134. What are the prime factors of l?
151
Let z(d) = -d**3 + 11*d**2 + 11*d - 5. List the prime factors of z(8).
5, 11
List the prime factors of (-37)/(-296) - (-19774)/16.
2, 3, 103
Let n(h) be the second derivative of -h**4/12 - 11*h**3/2 - 17*h**2/2 - 25*h. List the prime factors of n(-11).
3, 5
Let y(q) = q**2 - 10*q - 4. Let f be y(11). Let j be 2/f - 3642/(-42). Let k = j + -39. What are the prime factors of k?
2, 3
Let s(r) = -4*r**3 + 2*r**3 + 1 - 3*r**2 + 5*r**3 - 4*r**3 + 3*r. Let m be s(-4). Suppose m*d = 3*d + 118. What are the prime factors of d?
59
Let n(g) = -g**3 - 4*g**2 + 2. Let y be n(-4). Suppose 2*t - y*x = 5*t - 208, 315 = 5*t - 3*x. What are the prime factors of t?
2, 3, 11
Suppose 0*h + 28 = 2*h. Let k = -24 + 84. List the prime factors of k/h*(8 - 1).
2, 3, 5
Let o(y) = 98*y - 14. What are the prime factors of o(3)?
2, 5, 7
Suppose -4*p - 2*l + 3679 = p, 4*p - 2936 = 2*l. List the prime factors of p.
3, 5, 7
Let a(j) = -j**3 + 8*j**2 - 8*j + 9. Let i be a(7). Suppose -4*o = -2*y + 30, i*o = -4*y + o + 33. What are the prime factors of (1 + y)/((-2)/(-6))?
2, 3, 5
Let o = -116 - -196. List the prime factors of 536/10 - (-32)/o.
2, 3
Let z(d) = -d**2 + 9*d + 1. Let w be z(16). Let h = -51 - w. List the prime factors of h.
2, 3, 5
Suppose -2*i + 4*g = -135 - 621, 0 = i - 5*g - 387. What are the prime factors of i?
2, 3, 31
Suppose 7*v - 1230 = 1577. What are the prime factors of v?
401
Let d(b) be the second derivative of b**4/12 + 7*b**3/3 - 12*b**2 + 17*b. What are the prime factors of d(7)?
3, 41
Let i(h) = 80*h**2 - 4*h + 8. List the prime factors of i(3).
2, 179
Let r(c) = 18*c + 1 + 10*c - 39*c + 10*c. Let n be r(1). Let s = n - -14. List the prime factors of s.
2, 7
Let x be ((-12)/8)/(15/(-1340)). Let h = 57 - x. Let z = 139 + h. List the prime factors of z.
2, 31
Let f(n) = 6*n - 4. Let s be f(1). Suppose -3*d - 109 = 2*m + s*d, -101 = 2*m - 3*d. Let u = m - -94. What are the prime factors of u?
2, 3, 7
What are the prime factors of 14*((-77)/(-14) - 6)*-171?
3, 7, 19
Suppose l - m = -2*m + 4, -4*m - 4 = 0. Suppose l*h + 1 - 40 = 4*g, 0 = 3*h + 4*g - 17. List the prime factors of h.
7
What are the prime factors of (445 - (-7 + 8)) + 1*-5?
439
Let y(a) = a**3 + 7*a**2 - a + 4. Let t be y(-7). Suppose 2*v + 3 - t = 0. Suppose -v*j = -96 + 16. What are the prime factors of j?
2, 5
Suppose 5*l + 5 = -5. Let u = l - -6. Suppose 2*b + 2 = -0*b - 2*w, -3*b + 25 = -u*w. What are the prime factors of b?
3
What are the prime factors of (606/(-5))/((-12)/40)?
2, 101
Let d be -1 - ((6 - 4) + -14). Let s be 1*-7 - (-9 + d). Let k = 64 + s. What are the prime factors of k?
5, 11
Suppose 0*s + 4*s = -3*x + 281, 3*x = 2*s - 163. Let n = -75 + 73. What are the prime factors of n + (s - 8/2)?
2, 17
Suppose b - 22 = 5*o + 6, 0 = -3*b - 5*o - 16. What are the prime factors of 2/(-6) + 55/b?
2, 3
Suppose -4 - 6 = -5*k. Let t(w) = w**2 - w + 1. Let f be t(k). Suppose 0 = -l + 2*h - 5, 14 = l + f*h - 1. List the prime factors of l.
3
Let r(u) = 179*u - 686. What are the prime factors of r(8)?
2, 373
Let t(s) = -16*s - 183. List the prime factors of t(-36).
3, 131
Let l(a) = -a**2 + 8*a. Let m be l(6). Suppose 7*n + w + 1295 = m*n, 3*w = -3*n + 777. What are the prime factors of n?
7, 37
Suppose -2*t + 4 - 22 = -4*k, 7 = -4*k - 3*t. Suppose -k*u + 11 = -3*m, 